3, 41, 97, 139
What are the prime factors of 13323627?
3, 887, 1669
List the prime factors of 221469186.
2, 3, 307, 120233
List the prime factors of 17243930.
2, 5, 11, 59, 2657
List the prime factors of 660544934.
2, 7, 47181781
List the prime factors of 281212645.
5, 7, 41, 195967
What are the prime factors of 108203717?
661, 163697
What are the prime factors of 2255490009?
3, 23, 3632029
What are the prime factors of 2335159603?
7, 19, 17557591
List the prime factors of 215555378.
2, 107777689
List the prime factors of 323946924.
2, 3, 7, 3856511
List the prime factors of 61898666.
2, 17, 1820549
List the prime factors of 8448040020.
2, 3, 5, 7, 31, 92693
What are the prime factors of 3947660?
2, 5, 197383
What are the prime factors of 1610989861?
13, 661, 187477
List the prime factors of 514742826.
2, 3, 13, 6599267
What are the prime factors of 96549960?
2, 3, 5, 13, 59, 1049
What are the prime factors of 1012549197?
3, 11, 19, 1614911
What are the prime factors of 331116643?
11, 13, 577, 4013
List the prime factors of 143815861.
7, 131, 156833
What are the prime factors of 123467219?
179, 689761
What are the prime factors of 118860384?
2, 3, 1238129
What are the prime factors of 528719324?
2, 7, 109, 191, 907
List the prime factors of 78876787.
11, 17, 421801
List the prime factors of 574494171.
3, 191498057
List the prime factors of 3456591829.
47, 73, 1007459
List the prime factors of 13087127.
17, 389, 1979
What are the prime factors of 38977293?
3, 269, 48299
What are the prime factors of 159274833?
3, 109, 487079
List the prime factors of 559010633.
3677, 152029
What are the prime factors of 447447301?
7, 2687, 23789
What are the prime factors of 827170542?
2, 3, 11, 154727
List the prime factors of 115818743.
149, 157, 4951
What are the prime factors of 41557711?
13, 23, 6043
List the prime factors of 151129922.
2, 75564961
What are the prime factors of 6511760?
2, 5, 23, 3539
List the prime factors of 4961706563.
11, 3253, 138661
What are the prime factors of 113433755?
5, 22686751
List the prime factors of 36141227.
3061, 11807
What are the prime factors of 15708632?
2, 23, 59, 1447
List the prime factors of 262829105.
5, 7, 11, 682673
What are the prime factors of 109444349?
7, 3659, 4273
What are the prime factors of 315380460?
2, 3, 5, 5256341
What are the prime factors of 1160392261?
7, 37, 1049, 4271
What are the prime factors of 1457976368?
2, 281, 479, 677
What are the prime factors of 108096126?
2, 3, 18016021
List the prime factors of 844841172.
2, 3, 7, 10057633
List the prime factors of 353052474.
2, 3, 58842079
What are the prime factors of 59477812?
2, 109, 136417
What are the prime factors of 55864886?
2, 7, 11, 362759
What are the prime factors of 50729335?
5, 19, 533993
List the prime factors of 2412278910.
2, 3, 5, 757, 35407
List the prime factors of 16775837.
13, 37, 34877
What are the prime factors of 120921632?
2, 13, 290677
What are the prime factors of 1452165013?
13, 111705001
What are the prime factors of 42423183?
3, 11, 59, 269
List the prime factors of 1094621532.
2, 3, 31, 2942531
What are the prime factors of 2062892217?
3, 17, 2789, 14503
What are the prime factors of 97506607?
11, 1109, 7993
What are the prime factors of 745107287?
19, 23, 1705051
What are the prime factors of 2050095?
3, 5, 97, 1409
What are the prime factors of 29265029?
29265029
What are the prime factors of 997641?
3, 110849
What are the prime factors of 36445570?
2, 5, 7, 23, 22637
What are the prime factors of 62366820?
2, 3, 5, 29, 73, 491
What are the prime factors of 76607706?
2, 3, 7, 1823993
List the prime factors of 1825466797.
7, 11, 23707361
What are the prime factors of 4139402?
2, 23, 29, 107
What are the prime factors of 50266518?
2, 3, 17, 461, 1069
What are the prime factors of 125871407?
167, 753721
What are the prime factors of 244175633?
13, 18782741
List the prime factors of 193730754.
2, 3, 7, 61, 75617
List the prime factors of 309802544.
2, 643, 30113
List the prime factors of 87823025.
5, 41, 47, 1823
List the prime factors of 784224965.
5, 2789, 56237
What are the prime factors of 310548805?
5, 7, 1123, 7901
What are the prime factors of 552876805?
5, 13, 17, 500341
What are the prime factors of 225388372?
2, 11, 5122463
What are the prime factors of 824118666?
2, 3, 7, 1451, 13523
List the prime factors of 244621117.
13, 971, 19379
What are the prime factors of 52781251?
23, 31, 74027
List the prime factors of 1720147653.
3, 7, 19, 1437049
What are the prime factors of 5604827278?
2, 769, 3644231
What are the prime factors of 47794122?
2, 3, 73, 36373
List the prime factors of 1277416318.
2, 31, 20603489
What are the prime factors of 275882089?
7, 39411727
What are the prime factors of 1306994545?
5, 5471, 47779
What are the prime factors of 20005336?
2, 13, 149, 1291
List the prime factors of 25368415.
5, 5073683
List the prime factors of 693499555.
5, 7, 19814273
What are the prime factors of 276816171?
3, 92272057
What are the prime factors of 78499818?
2, 3, 4361101
What are the prime factors of 13184422?
2, 109, 197, 307
List the prime factors of 1551098214.
2, 3, 28724041
What are the prime factors of 59172018?
2, 3, 419, 23537
List the prime factors of 693488450.
2, 5, 13869769
What are the prime factors of 133901423?
23, 239, 24359
List the prime factors of 1233818116.
2, 2707, 113947
What are the prime factors of 245530673?
19, 41, 61, 5167
What are the prime factors of 464106407?
19, 131, 199, 937
List the prime factors of 37359069.
3, 11, 167, 6779
List the prime factors of 46758706.
2, 23379353
What are the prime factors of 67659194?
2, 59, 573383
List the prime factors of 1631848687.
7, 19, 12269539
List the prime factors of 110849321.
11, 103, 227, 431
What are the prime factors of 344006262?
2, 3, 23, 131, 6343
List the prime factors of 747692611.
191, 3914621
List the prime factors of 310507603.
7, 44358229
List the prime factors of 37115507.
11, 13, 277, 937
List the prime factors of 2484537727.
7, 97, 3659113
What are the prime factors of 277150208?
2, 541309
What are the prime factors of 35270348?
2, 353, 24979
What are the prime factors of 2874135353?
61, 3797, 12409
List the prime factors of 25911814.
2, 947, 13681
List the prime factors of 310366138.
2, 37, 4194137
List the prime factors of 134251040.
2, 5, 7, 11, 17, 641
What are the prime factors of 3129127561?
7, 101, 4425923
What are the prime factors of 57650736?
2, 3, 11, 13, 37, 227
What are the prime factors of 2295980018?
2, 37, 838561
What are the prime factors of 114435568?
2, 13, 17, 32363
What are the prime factors of 65152929?
3, 21717643
List the prime factors of 39425547.
3, 7, 67, 4003
What are the prime factors of 244139232?
2, 3, 2543117
List the prime factors of 2001624805.
5, 29, 13804309
What are the prime factors of 19927140?
2, 3, 5, 67, 4957
List the prime factors of 29957828.
2, 7489457
List the prime factors of 167118401.
1259, 132739
List the prime factors of 1689269073.
3, 17, 33122923
List the prime factors of 1443078321.
3, 2927, 164341
What are the prime factors of 1935821698?
2, 967910849
List the prime factors of 368097416.
2, 46012177
What are the prime factors of 1242015666?
2, 3, 11311, 18301
What are the prime factors of 87721271?
11, 19, 97, 4327
List the prime factors of 143951207.
3119, 46153
List the prime factors of 27954985.
5, 19, 29, 73, 139
What are the prime factors of 1902480329?
8641, 220169
List the prime factors of 24191382.
2, 3, 4031897
List the prime factors of 667886691.
3, 222628897
List the prime factors of 78543385.
5, 15708677
What are the prime factors of 4283581985?
5, 23, 37248539
What are the prime factors of 1234831389?
3, 11, 37419133
What are the prime factors of 12206018?
2, 11, 19, 29201
List the prime factors of 118022317.
7, 181, 93151
What are the prime factors of 141917434?
2, 149, 476233
What are the prime factors of 847997432?
2, 105999679
What are the prime factors of 345664863?
3, 4549, 8443
What are the prime factors of 2554191962?
2, 7, 17, 10731899
What are the prime factors of 16767306?
2, 3, 931517
List the prime factors of 569269258.
2, 103, 2763443
What are the prime factors of 225090466?
2, 23, 43, 113797
What are the prime factors of 58344218